f d**5/60 + d**4/8 + 4*d**3/3 - 243*d**2. Give f(0).
8
Let d(j) = 12 - 3 - 17*j + 5*j + 13*j. Let b be (-2 + 1)*-3*-3. Give d(b).
0
Let g(n) be the second derivative of n**3/6 - 12*n**2 - 3*n + 6. Calculate g(0).
-24
Let w(q) = -q**3 - 6*q**2 - 6*q - 3. Let l = -88 + 86. Determine w(l).
-7
Let v(d) = 3*d + 22. Let p = -83 + 76. Let x be v(p). Let l(y) = -2*y**3 - y**2 - y + 1. Determine l(x).
-3
Let r = 105 - 100. Let q(y) = y**3 - 4*y**2 - 3*y + 1. What is q(r)?
11
Let y be ((-1)/2)/((-3)/(-6)). Let o be 5 + y + (-8)/(-4). Let r(z) = -z + 9. Calculate r(o).
3
Let d be (-1)/(-1) + (-21)/(-3). Let z(w) = -5*w + 6. Calculate z(d).
-34
Let f be 1/(-2)*(-5 - -3). Let x(v) = 8*v**3 - 6*v**2 - v + 6. Let b(h) = 8*h**3 - 7*h**2 - h + 7. Let a(o) = -6*b(o) + 7*x(o). Determine a(f).
7
Let z = 3 + -2. Let o(n) be the second derivative of -n**4/12 + n**3/6 - n**2/2 - 5*n. Determine o(z).
-1
Let u = 4 - 0. Suppose 3*p + 65 - 71 = 0. Let a(v) = -4 + p*v - 1 - 1 + u. Give a(3).
4
Let o(p) be the second derivative of -1/2*p**2 + 5/6*p**3 + 0 + 17*p. What is o(-1)?
-6
Suppose 2*w + 2*w - 12 = 0. Let b(n) = 4*n**2 - 10*n**2 + 2*n - 4 - 3*n - n**w. Suppose -6 = -2*y - 18. Determine b(y).
2
Let p(h) = -8*h**3 - 6*h**2 - 7. Let z(c) = 23*c**3 + 11*c**2 + 13. Let y(v) = 11*p(v) + 6*z(v). Calculate y(1).
51
Let c(d) = 2*d**2 - d + 1. Let r be c(4). Let a(p) = -p**2 - r*p - 1 + 25*p + 2. Calculate a(-3).
4
Let v(a) = 7*a**2 - 10*a + 3. Let g be v(3). Let p(z) = 74 - g - 38 - 3*z. What is p(-4)?
12
Let p(g) = -2*g**2 + 14*g - 21. Suppose 0 = 2*t + 2 + 2. Let z(b) = -b**2 + 7*b - 10. Let c(d) = t*p(d) + 5*z(d). What is c(6)?
-2
Let l(q) = -2*q**3 + 11*q**2 + 8*q - 13. Let f be ((-4)/18)/((-19)/513). What is l(f)?
-1
Let o(l) = -3*l + 5*l + 2 - 2*l + 3*l. Determine o(3).
11
Let c be (0 - (2 + 2)) + 2. Let o be 5 - c - 2/8*4. Let f(w) = w + 2. Give f(o).
8
Let j(q) = -676091*q**2 - q + 676087*q**2 - q - q**3 - 4. Let s be (4*1)/((-3)/3). Calculate j(s).
4
Let q(g) = 2*g + 3*g + 6 + 1. Let r = 2104 - 2110. What is q(r)?
-23
Suppose -3*j + i = 5, i - 5*i - 13 = -j. Let s(a) be the first derivative of -a**3/3 - a**2/2 + 3*a - 4. Give s(j).
-3
Let m(s) = -s + 1. Let d(h) = h**3 + 7*h**2 + 6*h. Let v be d(-6). Suppose -4 = -2*r - v. Suppose -2*q - 10 = -k + 2*q, -9 = -r*k - 3*q. Determine m(k).
-5
Let z(d) = -1 + 3*d + 0 + 1 + d**2. Let k be 3/(-2)*(-16 + 28). Let l = 16 + k. Give z(l).
-2
Let l(p) = -p**3 - 8*p**2 - 2*p - 13. Let o be l(-8). Let t(h) = 2*h**2 + 3*h**2 + o - 6*h**2 + h. Determine t(3).
-3
Let r(p) = 2*p**2 + 129*p - 622. Let g be r(-69). Let q(n) be the first derivative of -3*n**2/2 + n + 1. Calculate q(g).
4
Let x = -43 - -63. Suppose 29*v - 24*v = x. Let n(q) = 3*q - 5. Calculate n(v).
7
Let p(i) be the second derivative of -i**4/12 - i**3 - i**2 - 198*i. Give p(-4).
6
Let h(x) = 2 - 17*x**3 - 17*x**3 + 3 + 49*x**3 - 6*x - 16*x**3 + 7*x**2. Determine h(4).
29
Let r(u) = -4*u - 2. Suppose -9*a = -7*a - 8. Calculate r(a).
-18
Let v(j) = -7*j + 1 - 8*j**3 + 8*j - 96*j**2 + 47*j**2 + 46*j**2. What is v(1)?
-9
Let c(n) = 2*n + 7. Suppose 4*v + 3 = 5*u, -7*u - v = -2*u - 18. Suppose -u*q - 10 = 5. What is c(q)?
-3
Let k(n) = n + 5. Let r be k(0). Let i(y) be the third derivative of -1/60*y**5 + 2/3*y**3 + 2*y**2 + 0*y + 0 + 1/8*y**4. Determine i(r).
-6
Let a(u) = 2*u - 8. Let g = -14 + 13. Let q be -8 - -9 - g*35. Let k be q/(-45) + (-68)/(-10). Calculate a(k).
4
Let m(h) be the third derivative of h**4/24 - 2*h**3/3 - 17*h**2. Let a = -2 + 2. Calculate m(a).
-4
Let r(j) = -j**2 + 5*j + 12. Let z(t) = t**3 + t**2 - t + 7. Let n be z(0). Let h be r(n). Let s(v) = -v**2 - 1 - v**3 + 2 - 4 + 1. Calculate s(h).
2
Let u(s) = s**2 + 1. Let r(d) = 7*d**2 + 5*d + 8. Suppose -12 = 2*o - 0*o. Let q(p) = o*u(p) + r(p). Give q(-4).
-2
Let d(y) = y**2 + 3*y. Let t = 8 + -4. Let k(b) = 2*b + 9*b - 7*b + 2*b**2. Let n(a) = t*d(a) - 3*k(a). Give n(2).
-8
Let w(b) = 28*b**2 + 29*b**2 + 7 - 58*b**2 + 7*b. Calculate w(9).
-11
Let l(n) = -7*n**2 - 11*n - 2. Let h(m) = m**2 + 3. Let k(c) = -5*h(c) - l(c). Give k(-7).
8
Let g(k) = 5*k + 1. Suppose 13*n = -11*n - 120. Calculate g(n).
-24
Let y(i) = -i**3 + 2*i**2 + 3*i + 4. Let d be -4 - ((-6)/(-2) + -3). Let q(c) = -c**3 + 3*c**2 + 4*c + 5. Let j(s) = d*y(s) + 3*q(s). Determine j(-1).
-1
Suppose -10*q - 23*q = -264. Let c(h) = h**2 - 7*h - 5. What is c(q)?
3
Let w(s) be the third derivative of s**8/20160 + s**7/5040 - s**6/720 - s**5/3 - 19*s**2. Let j(v) be the third derivative of w(v). Determine j(0).
-1
Suppose 16*x = 9*x - 56. Let l(h) = h + 14. Calculate l(x).
6
Let u be (12 - 17) + 1/1 + -3. Let j(o) = -o**3 - 7*o**2 + 8. Determine j(u).
8
Let d(h) = 103*h**2 + 16*h + 10. Let r(n) = 33*n**2 + 5*n + 3. Let b(j) = -4*d(j) + 13*r(j). Calculate b(1).
17
Let d(z) be the third derivative of -z**5/60 + 3*z**4/8 + z**3 + 90*z**2 - 1. What is d(9)?
6
Let a(w) = w**2 - w - 1. Let h = -22 - -40. Let l(b) = -b**2 + 19*b - 20. Let i be l(h). Give a(i).
5
Let v(q) = 2*q**3 - q**2 + 4. Let s be v(3). Let t = -26 + s. Suppose -2*p - 7 = 2*c - 7*p, -4*c - t = -p. Let j(k) = -k - 2. Calculate j(c).
4
Let m(q) = -2*q**2 - 3*q - 19. Let u(h) = -h**2 - h - 9. Let y(g) = 3*m(g) - 7*u(g). Let c be y(0). Let l(x) = x**3 - 5*x**2 - 7*x + 2. Calculate l(c).
-4
Let a(o) be the second derivative of -o**3/6 + 3*o**2/2 + 3*o - 1. What is a(3)?
0
Let x(w) be the first derivative of w**6/360 + 7*w**5/120 + 7*w**4/24 + 3*w**3 - 21. Let z(i) be the third derivative of x(i). Determine z(-7).
7
Let n(u) be the first derivative of 2*u**4 - u**3/3 - 3*u**2/2 - u + 735. What is n(-2)?
-63
Let q(b) be the second derivative of b**4/6 + b**3/6 + b**2/2 + 2*b - 20. Suppose 7 + 7 = -2*a - 4*h, 3*a - 4*h - 9 = 0. Calculate q(a).
2
Suppose 20 = -b + 2*b. Suppose 3*d - 4*d + 4 = x, 0 = 5*d - 3*x - 4. Suppose 6*w - d*w = b. Let f(u) = -u + 10. Determine f(w).
5
Let y be 7 + -4 + 4/(-1). Let g(q) = -10*q**2 - q - 1. Give g(y).
-10
Let h(z) be the third derivative of -z**6/120 - z**5/3 + 11*z**4/12 + 2*z**3 + 442*z**2. Calculate h(-21).
-9
Let j(a) = -15*a - 54. Let q(d) = 8*d + 29. Let b(n) = 6*j(n) + 11*q(n). Calculate b(-6).
7
Suppose -3*m = -9*m + 24. Let i(a) = -5 + m - 1 + 0 + 2*a**2. What is i(-2)?
6
Suppose c = v - 5*v - 3, 2*c + 6 = 2*v. Let m(w) = w**3 + w**2 - w + 9. Determine m(v).
9
Let j = 1544 - 1540. Let r(w) = -2*w + 12. Calculate r(j).
4
Let r be (-15)/(2/(-4)*2). Suppose -4*n + r = n. Let y(x) = x**n + 3*x**2 - 3*x + 7 - 3*x + 2*x**2. Give y(-6).
7
Suppose 5*v - v = 12. Suppose 8*p - v*p - 5 = 0. Let f(z) = -7*z**3 + z**2 - 1. Calculate f(p).
-7
Let z be 1 + -6 + 20 + (-4 - 1). Let s(b) = b. What is s(z)?
10
Let k be (7 - 4 - -1)*-3. Let p = k + 19. Let l(r) = 3*r - 4*r + 3 + p. Determine l(7).
3
Let u(c) be the second derivative of -c**8/6720 - c**7/280 + c**6/60 + c**5/12 - 11*c**4/6 - 11*c. Let d(q) be the third derivative of u(q). Calculate d(-10).
-10
Let z(p) be the first derivative of 19 - 5/3*p**3 + 0*p + 0*p**2 + 1/4*p**4. Determine z(4).
-16
Let u(j) = 10*j**2. Let y(z) = -z**2 + 9*z - 12. Let s be y(7). Suppose -m = 2*f - 1, 3*f - 2 - s = m. Give u(m).
10
Let p(q) be the second derivative of -q**4/12 - 3*q. Let c be p(0). Let d(w) = -w**3 + 32*w**2 + 27*w**2 + 17 - 60*w**2. Determine d(c).
17
Let p(q) = 1. Let z(v) = -v + 6. Let d(w) = 6*p(w) - z(w). Let o(a) = -54*a. Let k(b) = -132*d(b) - 2*o(b). Give k(-1).
24
Let j(a) = -2*a**2 - 5*a + 3. Let f be j(-7). Let d = 66 + f. Let x(w) = -w + 7. What is x(d)?
1
Suppose -19 + 5 = 4*k + 2*z, z + 13 = -5*k. Let y be (k/6 - 102/18) + -3. Let q(x) = x**2 + 9*x + 11. Calculate q(y).
11
Let u(b) = 22*b + 57. Let z(r) = -8*r - 19. Let j(y) = -3*u(y) - 8*z(y). Determine j(-5).
-9
Let b be (-14)/(-21)*(-5 + 8). Let d(u) = -u**3 + 3*u**2 + u - 1. Calculate d(b).
5
Let d(k) = 12*k**3 + 4*k**2 + 2*k + 3. Let g(u) = -23*u**3 - 9*u**2 - 4*u - 7. Let o = 16 - 11. Let z(j) = o*d(j) + 2*g(j). Give z(-1).
-13
Let q(r) be the second derivative of 2*r**4/3 + r**2 - 2*r - 33. Give q(2).
34
Let r be 46/(-11) + 2/11. Let k(p) be the first derivative of 2*p**2 + 6*p + 65. What is k(r)?
-10
Let m(g) be the third derivative of 0*g + 0 - 1/4*g**4 + 1/60*g**5 - 7/6*g**3 - 10*g**2. Give m(7).
0
Suppose 4*g + 38 + 28 = 5*t, 5